et s(z) = -z**2 - 2*z - 3. What is s(-2)?
-3
Let a(m) = 5*m - 6. Calculate a(6).
24
Let b(l) = -l**3 + 16*l**2 + 21*l - 16. Give b(17).
52
Let v(o) = o**3 + 6*o**2 + 8*o - 2. Give v(-2).
-2
Let i(p) = p**3 + 10*p**2 - 12*p. What is i(-11)?
11
Let l(g) = 3*g**3 + 2*g**2 + 5*g + 4. Calculate l(-2).
-22
Let x(h) = 6*h**2 + 2*h + 2. What is x(-1)?
6
Let s(f) = -f**2 - 4*f - 5. What is s(-2)?
-1
Let a(f) = 14*f - 201. Calculate a(15).
9
Let w(d) = -d**3 + d**2 + d + 4. Calculate w(-3).
37
Let c(v) = 3*v - 6. What is c(3)?
3
Let a(y) = 2*y**3 - 9*y**2 + y + 4. Calculate a(4).
-8
Let h(j) = -2*j - 20. What is h(-6)?
-8
Let w(n) = -n**2 + 8*n + 15. What is w(8)?
15
Let t(r) = 20*r - 170. What is t(8)?
-10
Let z(p) = -p**3 + 3*p**2 + 13*p + 17. Calculate z(6).
-13
Let v(z) = -z**2 - 13*z + 39. Calculate v(3).
-9
Let z(l) = -l**3 - 7*l**2 + 146*l + 32. Calculate z(-16).
0
Let b(l) = 10*l - 4. Determine b(-2).
-24
Let x(f) = -f**2 + 7*f + 8. Give x(6).
14
Let s(h) = -3*h - 31. What is s(-11)?
2
Let s(v) = 15*v - 42. Calculate s(5).
33
Let o(v) = -v**3 + 10*v**2 - 21*v - 13. Determine o(6).
5
Let r(i) = 4*i**2 - 4*i + 4. Calculate r(3).
28
Let w(p) = 16*p. Calculate w(-1).
-16
Let t(u) = -3*u**2 + 20*u - 42. Calculate t(5).
-17
Let b(u) = 6*u**2 - 97*u + 38. Determine b(16).
22
Let s(h) = h**2 + 4*h - 4. Give s(0).
-4
Let k(a) = a + 10. Determine k(-5).
5
Let x(y) = 2*y**3 - y**2 - 2*y - 1. Determine x(-1).
-2
Let j(d) = d**3 + 11*d**2 + 25*d + 10. Give j(-8).
2
Let d(a) = -a**3 - 11*a**2 - 18*a + 7. What is d(-9)?
7
Let o(w) = w**3 - w**2 - 3. Give o(2).
1
Let z(j) = -105*j**3 + j**2 - 2*j + 1. Calculate z(1).
-105
Let f(n) = -3*n + 5. What is f(4)?
-7
Let s(a) = a**2 + a + 6. Calculate s(6).
48
Let r(p) = 5*p - 23. What is r(3)?
-8
Let f(z) = -z**3 + 26*z**2 - 47*z - 33. Determine f(24).
-9
Let b(i) = i**2 + 2*i - 38. Calculate b(0).
-38
Let r(b) = 3*b**2 + 12*b - 12. Calculate r(-5).
3
Let v(d) = -d**2 - 8*d + 84. Determine v(-11).
51
Let o(u) = 2*u + 13. Determine o(-10).
-7
Let u(i) = 2*i**2 - 38*i - 4. Give u(19).
-4
Let v(q) = -q**3 - 8*q**2 + 10*q + 13. Give v(-9).
4
Let z(k) = -5*k**2 - 9*k + 76. Determine z(6).
-158
Let i(d) = 7*d - 6. What is i(4)?
22
Let t(q) = -q**2 - 3*q - 3. What is t(-7)?
-31
Let w(j) = -j**3 + 18*j**2 + 16*j + 27. Determine w(19).
-30
Let d(j) = -j + 9. Determine d(8).
1
Let n(z) = -z**2 + 2*z + 19. What is n(4)?
11
Let a(i) = i**2 - 9*i + 21. Give a(8).
13
Let k(p) = 3*p + 7. Give k(-3).
-2
Let b(s) = 9*s + 148. What is b(-14)?
22
Let m(j) = j**2 + 22*j + 92. Calculate m(-10).
-28
Let w(b) = -b**3 - 4. Calculate w(0).
-4
Let t(m) = -6*m + 2. Give t(-1).
8
Let u(v) = -2*v**2 + 16*v - 3. What is u(8)?
-3
Let w(f) = f**2 - 16*f + 55. Determine w(10).
-5
Let l(h) = -8*h**3 - 4*h**2 - 5*h - 4. Calculate l(-2).
54
Let l(v) = 2*v**2 - v + 2. Determine l(-2).
12
Let z(v) = -v**2 + 35*v - 168. Determine z(29).
6
Let q(p) = p**2 - 48*p + 233. Calculate q(5).
18
Let k(p) = -9*p - 382. What is k(-43)?
5
Let h(i) = 2*i - 18. Calculate h(3).
-12
Let t(g) = -g**3 - 15*g**2 - 15*g - 23. Determine t(-14).
-9
Let f(l) = -4*l. Give f(7).
-28
Let h(c) = -2*c**2 + c + 2. What is h(-2)?
-8
Let b(k) = -7*k + 8. What is b(8)?
-48
Let g(z) = 2*z**2 - 50*z + 106. Give g(23).
14
Let l(n) = -n**2 + 7*n - 4. Determine l(3).
8
Let x(h) = h + 6. Give x(20).
26
Let z(f) = -f**2 + 8*f - 4. What is z(8)?
-4
Let s(w) = -2*w**2 + 6*w + 14. Give s(6).
-22
Let k(f) = f**3 + 7*f**2 - 23. Determine k(-6).
13
Let u(n) = -2*n - 1. Calculate u(-4).
7
Let g(m) = -13*m + 71. What is g(7)?
-20
Let r(p) = -3*p + 36. Give r(15).
-9
Let a(w) = -w**2 + 9*w - 2. What is a(4)?
18
Let n(q) = q**3 + 8*q**2 - 7. Give n(-8).
-7
Let p(q) = -q**2 + 14*q + 56. Determine p(17).
5
Let a(o) = 20*o - 91. Calculate a(4).
-11
Let y(r) = -r**3 - 3*r**2 + 2*r - 23. Determine y(-5).
17
Let g(d) = d**3 - 3*d**2 - 14*d - 5. Calculate g(-4).
-61
Let w(i) = -i**2 - 24*i - 104. What is w(-18)?
4
Let r(t) = -t**2 - 20*t - 72. Calculate r(-15).
3
Let t(r) = -r**3 - 23*r**2 - 61*r - 15. What is t(-20)?
5
Let d(v) = v - 15. Determine d(22).
7
Let p(j) = -2*j. What is p(0)?
0
Let x(f) = 2*f - 6. What is x(-5)?
-16
Let s(j) = 6*j - 50. Determine s(7).
-8
Let k(s) = -s**3 - 5*s**2 + 2*s + 18. What is k(-4)?
-6
Let m(i) = -i**3 + 14*i**2 - 16. Determine m(14).
-16
Let w(n) = 11*n**2 - 27*n + 4. Calculate w(2).
-6
Let o(d) = d**2 + 8*d + 8. What is o(-6)?
-4
Let y(s) = 29*s + 12. Calculate y(0).
12
Let o(f) = f**2 - 14*f + 9. Determine o(11).
-24
Let g(j) = 7*j + 5. Determine g(8).
61
Let r(f) = 13*f**2 + f + 1. What is r(-2)?
51
Let j(b) = -b**3 - 10*b**2 - 2*b - 3. What is j(-9)?
-66
Let s(p) = -29*p - 65. What is s(-10)?
225
Let c(o) = o**3 + 39*o**2 - 40*o + 10. Determine c(-40).
10
Let d(z) = z**3 - 29*z**2 - 27*z - 80. What is d(30)?
10
Let n(b) = 12*b + 123. Give n(-10).
3
Let l(z) = -23*z + 1. Calculate l(-3).
70
Let y(i) = -i**3 + 73*i**2 - 70*i - 153. Give y(72).
-9
Let i(k) = k**2 - 22*k - 40. Determine i(23).
-17
Let a(d) = -d**2 + 13*d - 20. Give a(10).
10
Let t(o) = o**2 - 8*o + 14. What is t(10)?
34
Let q(s) = -s**2 - 7*s - 21. Give q(-5).
-11
Let m(c) = -c**3 + 4*c**2 - 1. Give m(3).
8
Let s(i) = i**3 - 9*i**2 + 19*i - 17. Give s(5).
-22
Let n(o) = o**3 - 12*o**2 + 13*o - 18. Give n(11).
4
Let p(y) = -y**2 + 10*y - 9. Calculate p(7).
12
Let d(v) = -v**2 + v + 14. Give d(-6).
-28
Let v(b) = 2*b**3 - b**2 + 4*b - 8. Calculate v(3).
49
Let d(j) = -2*j - 27. Determine d(-11).
-5
Let w(y) = 3*y - 2. Give w(4).
10
Let x(z) = -46*z - 728. Give x(-16).
8
Let y(q) = -2*q - 15. Give y(-12).
9
Let j(u) = -u - 41. What is j(37)?
-78
Let u(o) = 38*o + 9. What is u(-1)?
-29
Let t(w) = w**3 + 3*w**2 + 2. Give t(-2).
6
Let z(r) = 2*r**3 - 29*r**2 + 16*r - 33. Determine z(14).
-5
Let j(l) = 14*l**2 + 6*l + 6. What is j(-1)?
14
Let h(s) = s**2 + 5*s - 3. Give h(-6).
3
Let z(v) = -3*v - 31. Give z(-11).
2
Let h(v) = 6*v**2 - 3*v + 1. Determine h(2).
19
Let q(b) = b**2 - 3*b - 10. Determine q(5).
0
Let t(h) = -19*h + 2. Give t(7).
-131
Let y(g) = 7*g**2 - 3*g - 15. Give y(-2).
19
Let g(q) = -3*q - 2. Give g(10).
-32
Let g(i) = i**3 - 3*i**2 - 8*i + 10. What is g(4)?
-6
Let s(w) = -3*w + 3. What is s(1)?
0
Let q(g) = 3*g**3 - g**2 - 5*g - 2. Determine q(-2).
-20
Let q(h) = -h**2 + 8*h - 8. Determine q(8).
-8
Let b(c) = c**3 - 11*c**2 + 24*c - 14. Give b(8).
-14
Let v(c) = -6*c - 74. What is v(-13)?
4
Let b(w) = -4*w + 11. What is b(5)?
-9
Let l(b) = -37*b**2 - 6*b - 6. Determine l(-2).
-142
Let m(y) = 2*y**2 - 6*y - 3. Give m(4).
5
Let y(j) = -j**2 - 49*j + 136. Give y(3).
-20
Let j(w) = -w**3 - 5*w**2 - 7. Give j(0).
-7
Let o(z) = -2*z - 24. What is o(-10)?
-4
Let b(z) = 10*z - 3. Give b(-4).
-43
Let v(y) = 2*y - 4. Give v(0).
-4
Let w(i) = -2*i**2 + 2. Give w(3).
-16
Let l(x) = -x**3 - x**2 + 9*x - 8. Give l(-6).
118
Let b(j) = -2*j**2 + 9*j + 12. Give b(6).
-6
Let t(n) = 30*n - 98. What is t(3)?
-8
Let v(c) = 23*c + 137. Give v(-6).
-1
Let h(o) = -64*o**3 + o**2 + o - 1. What is h(1)?
-63
Let y(z) = -z**2 + z. What is y(-1)?
-2
Let r(w) = w**3 + 11*w**2 + 6*w - 6. Give r(-10).
34
Let c(j) = j**2 - 12*j + 30. What is c(9)?
3
Let o(f) = -f**2 - f + 68. Give o(0).
68
Let p(n) = -87*n**3 + 5*n**2 - 3*n - 2. Calculate p(1).
-87
Let j(k) = 4*k - 12. Calculate j(6).
12
Let f(g) = 2*g**2 - 39*g + 19. Give f(19).
0
Let o(q) = 2*q + 30. Determine o(-16).
-2
Let t(z) = z**3 - 6*z**2 + 13*z - 17. Determine t(4).
3
Let v(t) = -t**3 - 9*t**2 - 9. What is v(-9)?
-9
Let q(j) = -j**3 + 4*j**2 + 6*j - 4. What is q(5)?
1
Let a(b) = -b**3 + 20*b**2 - 18*b - 24. What is a(19)?
-5
Let m(n) = -2*n - 31. Calculate m(0).
-31
Let t(j) = -16*j - 23. Calculate t(-5).
57
Let t(s) = s**2 + 41*s - 116. Give t(-44).
16
Let b(r) = 5*r + 14. Calculate b(-3).
-1
Let k(x) = -13*x**3 + 3*x + 2. Calculate k(-1).
12
Let q(l) = -2*l + 8. Determine q(6).
-4
Let t(c) = c**2 - 6*c - 30. Calculate t(11).
25
Let s(b) = b**2 + 16*b - 22. Calculate s(-17).
-5
Let x(p) = -6*p**2 + p + 1. Give x(-1).
-6
Let n(s) = -3*s**2 + 65*s - 98. Calculate n(20).
2
Let a(p) = -p**3 - 12*p**2 - 12*p - 9. Determine a(-11).
2
Let z(n) = -n**3 + 32*n**2 + 32*n + 36. What is z(33)?
3
Let k(b) = 5*b + 70. Give k(-17).
-15
Let a(o) = 2*o**3 + 49*o**2 + 25*o + 30. G